x + 2*w, 3*x + 0*w = 4*w + t. What is the remainder when (-264)/(-32)*(-32)/x is divided by 30?
28
Suppose 9*o - 2811 = 1941. Calculate the remainder when o is divided by 14.
10
Let u = -211 - -312. What is the remainder when u is divided by 13?
10
Suppose 5*g + o = 2*o + 50, -2*o = -g + 10. What is the remainder when 54 is divided by (-334)/(-30) - g/(-225)*-3?
10
Suppose 0 = -4*z - 3*c + 488, -9*z + 111 = -8*z - 2*c. Calculate the remainder when z is divided by 60.
59
Let y be (-25)/15*(1 - 4). Let x = y + -1. Let h(u) = -u**3 - 10*u**2 - 2*u - 13. Calculate the remainder when h(-10) is divided by x.
3
Let o = 57 + -50. Suppose -i + 72 = 2*g - o*g, -3*i + g = -286. What is the remainder when i is divided by 33?
31
Suppose -o = j - 6, -4*o = -2*j - o - 3. Suppose -j*i - 12 = -6*i. Suppose 2*p + 14 = 2*x, 3*x - 2*p = 5*x - 34. Calculate the remainder when x is divided by i.
0
Suppose g = 4*g + 5*c + 47, -2*c = -2*g - 10. Calculate the remainder when 68 is divided by (-6)/4*(-3)/g*-20.
8
Let s(z) = -5*z + 9. Let n be (-929)/6 - (-3)/(-18). Calculate the remainder when 2 - n - 6/3 is divided by s(-6).
38
Let x(s) = -4*s + 32. Let g be x(16). What is the remainder when 13 is divided by (-70)/(-8) + 2/(g/12)?
5
Let k(l) = -91*l + 311. What is the remainder when 300 is divided by k(3)?
34
Let a be (-35)/(-5) + (0 - 4). Suppose -3*n - 48 = -4*v + v, 0 = a*v + 5*n - 16. Calculate the remainder when 45 is divided by v.
9
Let s(z) = 3*z - 11. Let v(n) = -5*n + 12 + n + 0*n. Let q(t) = -6*s(t) - 5*v(t). Calculate the remainder when 61 is divided by q(5).
13
Let y(n) = n + 55. Suppose 4*r - 5*f - 400 = 0, 4*r - f - f - 388 = 0. Calculate the remainder when r is divided by y(-6).
46
Let r = -25404 - -25418. Let m(o) be the first derivative of o**4/4 + 4*o**3/3 - 3*o**2 + 3*o - 1. What is the remainder when r is divided by m(-5)?
6
Let v = 185 - 73. Let y = -107 + 126. What is the remainder when v is divided by y?
17
Let y(k) = -5*k - k + k + 6*k + 4. Calculate the remainder when 2 is divided by y(-2).
0
Let w(m) = 10*m**2 - 4*m + 6. Let d be w(7). Let f = -248 + d. Suppose -8*j = -4*j - f. What is the remainder when j is divided by 14?
13
Let c(v) = 3*v**3 - 6*v**2 - 6 + 2*v + 8 - 1 - 2*v**3. Calculate the remainder when c(7) is divided by 14 + -1 + -1 + 1.
12
Suppose 0 = -2*b + 28 + 230. Calculate the remainder when b is divided by 19.
15
Let q(p) = 10*p + 44. Let z be q(-20). Let l = -151 - z. Let b(c) = -2*c + 6. What is the remainder when b(-8) is divided by l?
2
Suppose -3*u + 3 = v, 0 = -4*u + 3 - 23. Calculate the remainder when 60 is divided by v.
6
Suppose -4*z + 3380 = 22*z. Calculate the remainder when z is divided by 33.
31
Let t be 1/(((-12)/(-44))/(-3)). Let f = 14 - t. Let n = 81 - 33. What is the remainder when n is divided by f?
23
Let m = 61 - -80. Calculate the remainder when m is divided by 72.
69
Suppose -67*l = -66*l - 23. Calculate the remainder when 62 is divided by l.
16
Let w(j) = j**2 - 6*j + 1. Let b be w(7). Let t = b + 5. Suppose 3*n = -5 + 29. Calculate the remainder when t is divided by n.
5
Suppose -5*a + 5*q + 65 = 0, 4*a + 3*q = 34 - 3. Let g = -11 - -23. Calculate the remainder when g is divided by a.
2
Let h(p) = 43*p**3 + 1. Suppose 18*z - 432 = 1116. What is the remainder when z is divided by h(1)?
42
What is the remainder when 254 is divided by (116/(-8))/((-14)/28)?
22
Suppose 2*o = -3*s + 216, -4*s + 110 = o - 2*s. Calculate the remainder when o is divided by (-1 - 3)*(-39)/6.
24
Let x(i) = -i**3 - 5*i**2 - 6*i - 7. Calculate the remainder when 136 is divided by x(-5).
21
Suppose -4*u + 0*v = v - 946, 5*u = 3*v + 1191. Calculate the remainder when u is divided by 33.
6
Let n(r) = -9*r + 1. Suppose -q = -3*l + 41, -4*q + 4*l = 2*l + 134. Let b = -13 - q. What is the remainder when n(-6) is divided by b?
17
Suppose -3*t + 13*w = 11*w - 74, 0 = -t - 5*w + 19. Calculate the remainder when 100 is divided by t.
4
Let v be 20*((-10)/4 - -3). Let x(f) = f**2 - 11*f + 14. Calculate the remainder when x(v) is divided by 3.
1
Let d(h) = -h - 7. Let b = 11 - 19. Let u be d(b). Suppose 0 = 5*i + 3*l - 78, -2*l + u = -1. What is the remainder when 28 is divided by i?
13
Suppose 0 = 22*j - 9192 + 1008. Calculate the remainder when j is divided by 17.
15
Let x = 99 + -95. Suppose x*n - 268 - 108 = 0. What is the remainder when n is divided by 12?
10
Suppose -3*t + 72 - 7 = -5*q, 0 = t - 2*q - 21. Calculate the remainder when 96 is divided by t.
21
Let t(z) = -z + 6. Let v be t(3). What is the remainder when 66 is divided by 104/3 + 1/v?
31
Suppose 4*u - 39 = 21. Suppose -2*z + u = g, 0 = 5*g - 2*g - 3*z - 9. What is the remainder when 20 is divided by g?
6
Let h = 122 - 98. What is the remainder when 22/(-2)*(h + -29) is divided by -21*((-4)/(-3))/(-2)?
13
Let x = -35 - -43. Suppose 0 = 3*w + 2*w - 3*t - 253, -175 = -3*w - 4*t. What is the remainder when w is divided by x/(-1 - 3) - -20?
17
Suppose -2*b + 2 + 6 = 0. Suppose 5 = -5*h, -b*h + 2*h - 20 = -2*t. Calculate the remainder when 26 is divided by t.
8
Suppose -2*w - 11*s + 16*s + 81 = 0, -4*s = -4*w + 156. Calculate the remainder when w is divided by 13.
12
Suppose 10 = -3*n - 11. Let d be 2/(-7) - 2/n. Suppose -10 = 3*i - d*x + 4*x, -2*i - 3*x = 8. What is the remainder when 2 is divided by i?
0
Let o(l) = -32*l**3 - 2*l - 3. Let x be o(-1). Suppose -3*c = -3*v + 8 + x, -2*v - 2*c + 26 = 0. Calculate the remainder when v is divided by 3.
1
Let i = -9 + 13. Let r(h) = -h**3 + 5*h**2 - h - 9. Let z be r(i). Suppose -z*w + 73 = -74. Calculate the remainder when w is divided by 13.
10
Let n = -47 + 55. Let a be (-2)/3 - (-10)/6. What is the remainder when (-1 - a)/(2/(-23)) is divided by n?
7
Let j = 125 + 461. Calculate the remainder when j is divided by 118.
114
Calculate the remainder when 936/(-3)*(-18)/36 is divided by 48.
12
Let d = 17 + 44. Suppose 9 = 3*h - 4*h. Calculate the remainder when d is divided by 2/h - (-292)/18.
13
Let d be 80/14 - (-10)/35. Suppose -s = -d*s - 25, -s - 10 = -j. Calculate the remainder when j is divided by 2.
1
Let m be (-28)/182 + (-67)/(-13). Suppose -2*l + 6 = -m*o - 19, 0 = -l - 4*o + 45. What is the remainder when l is divided by (4/2)/(2/13)?
12
Suppose -4*b = -5*u + 486, 25 - 121 = -u + 2*b. Calculate the remainder when 360 is divided by u.
66
Suppose 8*p + 5 - 21 = 0. Suppose p*u = u - 5*g + 52, -3*u + g + 76 = 0. What is the remainder when 106 is divided by u?
25
What is the remainder when 179 is divided by (657/(-54))/((-4)/24)?
33
Let r be 10/(-6)*(-45 + 0). Suppose 3*i + 2*i - r = 0. What is the remainder when 59 is divided by i?
14
Let c = -43 + 55. What is the remainder when 1315/30 + 2/c is divided by 12?
8
Calculate the remainder when 110 is divided by (-48)/(-9 + (-105)/(-14)).
14
Let v = 32 + -23. Suppose -60*k = -190 - 2330. Calculate the remainder when k is divided by v.
6
Let w(q) = 8*q + 16. Let i = -40 - -65. What is the remainder when w(7) is divided by i?
22
Suppose -10 = -4*p + 2. Suppose 68 = -p*y + 7*y. What is the remainder when y is divided by 9?
8
Suppose -9 = k - 2*d, d - 52 = 5*k + 2. Let s(i) = i**2 + 6*i - 51. What is the remainder when 4 is divided by s(k)?
0
Let n(f) = f**3 + 18*f**2 - 42*f - 12. Calculate the remainder when 50 is divided by n(-20).
22
Suppose -21*d - 120 = -33*d. What is the remainder when 27 is divided by d?
7
Calculate the remainder when 55 is divided by 14/(5 - (2 - -2)).
13
Suppose 0 = -s, s = k + 5*s + 96. Let z = -51 - k. Calculate the remainder when z is divided by 8.
5
Let c(w) = w**2 - 46*w - 15. Calculate the remainder when 107 is divided by c(47).
11
Let d(j) = -2*j**3 - 26*j**2 + 28*j + 30. What is the remainder when 101 is divided by d(-14)?
11
Let l(m) = -50*m + 292. Calculate the remainder when 160 is divided by l(5).
34
What is the remainder when ((-28)/(-42))/((-4)/3)*-1852 is divided by 62?
58
Suppose 6*n + 21 = 2*n + 5*r, 2*n + 9 = r. Let g(k) = 2*k**2 + 2*k - 5. Calculate the remainder when -3 + 9 - (-136 + 69) is divided by g(n).
16
Suppose 4*h = -2*k - 3*k - 2203, k = 1. Let n = 3 - -4. Calculate the remainder when h/(-21) - (-8)/(-28) is divided by n.
5
Let h = -535 - -552. Calculate the remainder when 29 is divided by h.
12
Let w(a) = a**2 + 3. Suppose -4*q +